pose -4*b + 2*w + w = -17, 11 = b - 3*w. Suppose -3*x = -f - b*f + 1248, 4*f = -5*x + 1637. What is the greatest common factor of 59 and f?
59
Suppose 0 = 68*t - 18*t + 64*t - 5700. What is the highest common factor of t and 6075?
25
Let o(g) = 2*g**3 + 2*g**2 - 6*g - 6. Let u be o(5). Let m be 10/35*((-13144)/(-155) - 8/10). Calculate the highest common divisor of u and m.
24
Suppose 4*q + 226 = o, 4*q = -o - o - 220. Let z = q + 55. Let a be 26/13*(15 + z). Calculate the highest common factor of 28 and a.
28
Let o = -31386 + 58266. Let q be ((o/36)/5)/(2/9). What is the highest common divisor of q and 42?
42
Suppose 0*t - 3*t + i = -85, 0 = t - 3*i - 31. Suppose -26*m = -6*m - 80. Suppose m*l - 10 = 46. What is the greatest common factor of t and l?
14
Suppose -2*p + 1371 = 9*d, -14 + 11 = -d. What is the greatest common factor of p and 210?
42
Let d be 4/14 - (-845)/7. Let l be 500/(-750)*((-103)/2 - -2 - 0). Calculate the highest common divisor of d and l.
11
Let p(c) = 510*c + 762. Let m be p(-1). Calculate the highest common factor of 243 and m.
9
Suppose -1214 + 800 = -14*g + 2022. Calculate the highest common factor of 9 and g.
3
Let h be 928/20 - 1*(-6)/10. Suppose -5*q = -2*q + t - h, 0 = -5*t - 5. Let b = q - -3. What is the highest common divisor of 171 and b?
19
Suppose 37*t = 42*t + 10. Let h be (-63)/3*1*(1 + t). What is the highest common divisor of h and 14?
7
Suppose 0*d + 135*d - 1622680 = -224*d. Calculate the greatest common divisor of d and 113.
113
Let j be (-4)/26 + ((-2700)/65)/(-10). Suppose 5*g - 3*z = 312, -4*g = -0*g - j*z - 248. Calculate the greatest common factor of 9 and g.
9
Let q(i) be the first derivative of i**3/3 + 23*i**2/2 + 34*i - 39. Let w be q(-8). Let x = w + 110. Calculate the greatest common factor of x and 56.
8
Suppose 0 = -4*t - 3*b + 55, 2*b + 0 = 2*t - 10. Suppose 0 = -13*g + 1542 + 2523 + 5295. Calculate the greatest common factor of t and g.
10
Let v be (-634 + 1)*(-14)/(-42). Let g = v + 852. Suppose 63 = 8*m - g. Calculate the highest common divisor of 33 and m.
11
Let w(l) = -163*l + 3564. Let k be w(0). What is the highest common divisor of 12 and k?
12
Suppose 0 = -i - 8 + 3. Let u be ((-3)/i)/(8/40). Suppose 0 = 4*f - q - 12, f + 3*q - q = u. Calculate the greatest common divisor of f and 27.
3
Let p = 17 + 18. Let s(z) = 2*z - 1 + 10 + 36*z**2 - 13*z**2. Let y be s(4). What is the greatest common divisor of p and y?
35
Suppose -1399*d = -1386*d - 1014. Calculate the greatest common divisor of 6 and d.
6
Let l(p) = 231*p**3 + 2*p - 3. Let s be l(1). Suppose -233*d = -s*d - 189. Let w be -3 + 3 + 7 + 0. Calculate the greatest common divisor of w and d.
7
Suppose 3*p - 30 = -0*p. Suppose 3*j + 29*j - 800 = 0. Suppose 0 = -j*r + 30*r - 50. What is the highest common factor of r and p?
10
Suppose -s + 8 = -2*i + 3*i, 0 = 2*i - 2*s. Suppose -i*p + 117 = -p. Let o(h) = -613*h + 12876. Let g be o(21). What is the highest common divisor of p and g?
3
Let y = 2559 - 2540. Let l(h) = 138*h + 23. Let o be l(3). What is the highest common factor of y and o?
19
Let a = -949 + 950. Suppose 0 = -z + 2*r + 11 - 8, 3*r - a = -4*z. Suppose -3*g + g = 4*j, -2*j = -3*g - 8. Calculate the highest common divisor of j and z.
1
Suppose -4*d = 95 + 297. Let o = d + 37. Let a = -39 - o. What is the highest common factor of a and 22?
22
Suppose -16*m + 197 = -29 - 206. Calculate the highest common factor of 4176 and m.
9
Suppose 2*p - 1 = 19. Let v be 256*(-3)/(-120)*10. Let w be v/(-10)*(-3 - 22). Calculate the highest common divisor of w and p.
10
Suppose 171 = 11*n - 16. Let a be 182/((2 - -1)/(-3)). Let q = 335 + a. What is the greatest common divisor of q and n?
17
Let z = -427 + 1217. Let c = z + -494. Calculate the highest common factor of c and 222.
74
Let g = -12 + 3. Let k be (-2)/(-2) - (g - -6). Let c = k - -5. Calculate the highest common factor of c and 45.
9
Suppose 0 = -2*i - 0 + 6. Let z = 615 - 623. Let y = i - z. Calculate the highest common factor of y and 55.
11
Let a(y) = -6*y**2 - 20*y + 65. Let d be a(7). Let z = d - -495. Calculate the highest common factor of z and 12.
6
Suppose 35280 = 36*h - 15*h + 28*h. What is the highest common divisor of h and 288?
144
Suppose 3*f = -2*d + 758, 1279 = 5*f - 2*d + 21. Calculate the highest common divisor of f and 1554.
42
Let x = 2983 + -2658. What is the greatest common factor of 455 and x?
65
Let r(a) = 6 + 9*a**2 + 21*a - 13*a - 3 + a**3. Let g be r(-6). Suppose 42 = 8*j - 2*j. What is the greatest common divisor of j and g?
7
Let w = -17996 + 18102. Calculate the greatest common divisor of 226 and w.
2
Suppose y - 14482 = -11*y - 2830. Calculate the greatest common divisor of 1 and y.
1
Let n be -1*(-9 + (-1 - 1)). Suppose 2*s - 4*v = -6, 8*s - 2*v + 30 = 4*s. Let t be (2/s)/1 + 5400/243. Calculate the greatest common factor of t and n.
11
Suppose u - s - 21 = 3*s, -3*s = -2*u + 22. Suppose u*k = -x - 27, 3*x - 5*k = x - 24. Let q = 52 + x. What is the greatest common divisor of q and 140?
35
Suppose -3963 - 6721 = -40*y - 2044. What is the highest common divisor of y and 21708?
108
Let u(g) = -g**3 - 27*g**2 - 4*g - 798. Let y be u(-28). Let j(k) = -8*k - 6. Let a be j(-6). Calculate the highest common factor of a and y.
14
Let k(z) = 52*z**2 + 21*z + 1. Let u be k(12). Let b = u - 4336. Let q be 4/(-20) - b/(-25). What is the highest common divisor of q and 17?
17
Let g(f) = f**2 + 60*f - 564. Let k be g(-76). What is the highest common factor of k and 12?
4
Let h = 68 - -182. Let i = -248 + h. Calculate the highest common factor of 166 and i.
2
Suppose 2*o - 360 = -6*o. Let h be 27/o*(1 - (-6)/(-1)). Let l be ((-14)/(-4))/(h/(-24)). Calculate the greatest common divisor of l and 140.
28
Suppose -26*b = -20982 + 6266. Calculate the greatest common divisor of 1415 and b.
283
Suppose 4*k = -3*d + d + 1824, 0 = -5*k - 5*d + 2285. Suppose 6*j = -7*j + k. Calculate the greatest common factor of j and 10.
5
Let x be -2 + (-21)/(-12) + 1261/52 + 32. Calculate the highest common divisor of x and 35.
7
Let v(s) = -48*s + 19*s - 37 + 19*s + 21*s**2 - s**3 - 48 + 15*s. Let p be v(21). Let d be 84/10 + (-4)/10. What is the highest common factor of p and d?
4
Let t be (-41)/(574/(-756)) - (-24)/(15/5). What is the highest common divisor of t and 5425?
31
Let w = -261 - -271. Let z be (-16368)/(-155) - 6/w. What is the highest common divisor of z and 42?
21
Let b(n) = -73 - 10*n + 4*n**2 + 19*n - 8*n - 9*n. Let f be b(12). What is the greatest common divisor of f and 11?
11
Suppose 5*q - 1044 = 7*k - 11*k, -3*k = q - 783. Calculate the greatest common factor of 1131 and k.
87
Let k = 8735 + -8609. Let z(d) = -21*d**3 - d**2 + d - 1. Let u be z(1). Let p = -8 - u. Calculate the greatest common factor of p and k.
14
Suppose 34*c - 37024 = c - 56*c. Calculate the highest common divisor of 325 and c.
13
Suppose 5*c + 414 = 74*c. Suppose c*y - 181 = 47. Calculate the greatest common factor of y and 190.
38
Let m = -198 - -354. What is the highest common divisor of m and 1053?
39
Suppose -476 = -1157*m + 1140*m. Calculate the greatest common factor of 5222 and m.
14
Let q = 14309 - 14108. What is the greatest common factor of 108 and q?
3
Suppose -142 = -4020*v + 4012*v + 3*t, -5*v + 3*t = -100. Suppose x = 2*x - 35. What is the greatest common divisor of x and v?
7
Let k(v) = -v**3 - 6*v**2 + 4*v - 11. Let x be k(-7). Suppose r + 4*r = x. Let c be -4 - (3 + -70)*r. Calculate the highest common factor of c and 52.
26
Suppose 272 = 5*f + d + 170, 0 = -3*d - 9. Let n(c) = -c**3 - 10*c**2 + 10*c - 5. Let u be n(-11). What is the greatest common factor of u and f?
3
Suppose 236 + 3168 = -37*q. Let p be (q + 75)/((-2)/(-1 - -31)). What is the greatest common factor of p and 34?
17
Let v(f) = f**2 - 6*f - 9. Let p be v(9). Suppose -p*c - 320 = -28*c. What is the highest common divisor of 1 and c?
1
Let c be (-22)/(10 + -42 + 31). Let a be (-2 - -1) + 0 + 287. What is the greatest common factor of c and a?
22
Let t(x) = 7 + 6 + 7 + x - 6. Let a be t(-10). Suppose f + 5*c = -a*f + 500, 5*c - 200 = -2*f. What is the highest common factor of 10 and f?
10
Let g be (-18)/81*-484 - 8/(-18). What is the greatest common divisor of g and 4?
4
Let s be -11 + 26 + -11 - (-2)